Is b(8) a multiple of 20?
False
Suppose 14 = u - 98. Suppose 4*q + 0 = u. Does 14 divide q?
True
Let y be (15/20)/((-1)/12). Let v(k) = k**3 + 10*k**2 + 6*k + 8. Does 16 divide v(y)?
False
Let v(d) = d**2 - 10. Is v(7) a multiple of 13?
True
Let v = 5 - 3. Is v even?
True
Let h be (-36)/(1 + 10/(-4)). Suppose -3*l - l = -h. Suppose l*x - 30 = 4*x. Does 9 divide x?
False
Let m = 1 - -3. Is 3 a factor of m/(1 - (-3)/(-6))?
False
Let w = 11 + -8. Suppose -w*l = -2*l. Suppose 3*i - 2*r - 20 = l, -2*r = 5*i - 2*i - 4. Is i a multiple of 2?
True
Let f(v) = -13*v + 1. Is f(-5) a multiple of 22?
True
Suppose -x - 48 = -5*k, -4*k - x + 2 = -40. Let z = k - 2. Is 4 a factor of z?
True
Let d(x) = 4*x**3 + x - 1. Let r be -2*(-1)/2 - -1. Is d(r) a multiple of 11?
True
Let n(v) = -5*v + 4 + 3*v + v + 4. Let z be n(8). Suppose o = 3*f + 12, -4*o - 5*f = -z*f - 48. Is o a multiple of 5?
False
Suppose -w + 466 = 5*h, -2*w = h - w - 90. Is 21 a factor of h?
False
Let s be 108/20 + 2/(-5). Suppose -300 = s*x - 760. Let u = x + -41. Does 15 divide u?
False
Suppose 2*v + 12 + 2 = 2*d, -3*d - 4*v + 49 = 0. Suppose 115 = 5*u - 3*x, -u + x = -2*x - d. Is 13 a factor of u?
True
Suppose 0*q - 894 = -3*q. Let n = q - 157. Suppose -3*w - 55 + n = -2*j, -j = -2*w + 58. Does 17 divide w?
False
Suppose 0 = -d + 1 + 2. Let q be -1 + -1 + d*-25. Let u = -46 - q. Is u a multiple of 11?
False
Let s = -11 + 12. Let f = s - -3. Is f even?
True
Suppose -3376 = -4*i + v, 2*v = -4*i + 3241 + 147. Suppose 2*c = -3*c + i. Suppose 3*o + 2*o = 4*s + c, 0 = o - 5*s - 38. Is 11 a factor of o?
True
Let v(z) = -9*z + 4. Let k be v(4). Is (k/(-40))/((-1)/(-15)) a multiple of 12?
True
Let n(v) = 5*v**3 + 2*v**2 - 1. Let p be n(-1). Is 10 a factor of 11 - (1 + p)/(-3)?
True
Let w(b) = -6*b**3 + b + 2. Does 7 divide w(-1)?
True
Suppose z + 5 = -1. Let u = z + 10. Let m = 4 + u. Is m a multiple of 3?
False
Let b be (1 - (-15)/3) + -1. Suppose -2*u - b*c = -48, -2*u - u = -c - 72. Suppose 3*z + 4*d - 23 = 0, -z = -5*z - 2*d + u. Does 2 divide z?
False
Suppose 4*b - 5*b + 3 = 0. Suppose 0 = a - b*a + 120. Suppose -2*i + 2*j - a = -4*i, 30 = i - 2*j. Does 11 divide i?
False
Let r(d) = d**3 + 20*d**2 + 15*d - 20. Is 4 a factor of r(-19)?
True
Suppose 0 = 4*d - 6 + 2. Let g be d*((3 - 5) + -5). Does 9 divide (-3 - g)/((-2)/(-9))?
True
Let r(u) = -u**2 - 9*u - 4. Let k be r(-7). Is (-2 + 15/6)*k a multiple of 5?
True
Let m = -11 + 35. Does 3 divide m?
True
Let y = 128 + -121. Is 2 a factor of y?
False
Suppose 4*q = -5*a + 148 + 72, -3*q - 3*a = -165. Suppose 0 = -4*x + 5 + q. Does 10 divide x?
False
Suppose 3*o = -0*q + 3*q - 3, 0 = 3*q - 4*o + 1. Suppose 0*z - 55 = -q*z. Is 11 a factor of z?
True
Let t(b) = -2*b**2 + 6*b - 1. Let r be t(6). Let w = -71 - r. Let o = -22 - w. Is o a multiple of 12?
True
Is (28/(-35))/(2/(-100)) a multiple of 8?
True
Let l be (-2)/(-7) + (-32)/14. Let p = 130 - 85. Is p*(l + 21/9) a multiple of 15?
True
Suppose -2*b + 38 = -g, b - 5*g - 9 = 1. Suppose 2*j - 2*t - 3*t = 12, 0 = j + 4*t + b. Does 3 divide 18/j*(-4)/6?
True
Suppose -5*q + 14 + 5 = 3*w, -3*q = 4*w - 18. Is 2 a factor of q?
True
Let x = -3 - -3. Suppose 3*y + 35 = -3*h + 5, -2*y - 3*h - 21 = x. Does 11 divide 44/3 + (-3)/y?
False
Let b = -6 + 12. Is (376/(-12))/((-4)/b) a multiple of 17?
False
Let j = 11 + 27. Does 16 divide j?
False
Suppose -5*h = -4 - 6. Suppose n + h*w - 4*w = 38, -w = 5. Is 9 a factor of n?
False
Let i(r) = -10*r + 1. Let q(a) = 10*a. Let x(s) = -5*i(s) - 4*q(s). Let h = 15 - 11. Is x(h) a multiple of 13?
False
Let g = -23 - -32. Let y = g - -23. Is 16 a factor of y?
True
Let z(g) = 2*g - 11. Let c be z(8). Does 5 divide (12 - 0) + -3 + c?
False
Suppose 0 = 4*y - 14 + 6. Suppose -19 = -y*o + 9. Does 7 divide 194/o + 3/21?
True
Let z be (-88)/10 + (-1)/5. Let b = 13 - z. Is 17 a factor of b?
False
Let n be (-66)/9 + (-4)/6. Is ((-33)/2)/(6/n) a multiple of 11?
True
Let j = 15 + -10. Suppose -j*y = -4*y + q - 8, -q + 29 = 4*y. Does 20 divide 287/y - (-1 - -2)?
True
Let p be (8/5 + -1)*-5. Is 14 a factor of p*(116/(-6) - 3)?
False
Suppose -5*l = -5*g - 90, l - 16 = -3*l. Let s(k) = k**2 + 13*k + 20. Is 17 a factor of s(g)?
True
Suppose -5*v = s - 5*s + 21, -5*s - 2*v + 18 = 0. Let w(y) = y**2 - s + y - y. Does 5 divide w(-3)?
True
Let h(y) = 5*y**2 + y - 4. Is h(-2) a multiple of 7?
True
Let a be (0 - 1)/(2/(-8)). Let y(g) = g**3 - 4*g**2 + 4*g + 4. Is 10 a factor of y(a)?
True
Let u(b) = -b**3 + 5*b**2 - 5*b + 2. Let l = 2 + 1. Let c be u(l). Suppose 4*n - c*n - z = -18, 0 = 4*n + z - 63. Does 15 divide n?
True
Let j = 4 - -1. Suppose 3*f - f = 5*s - 9, 30 = 5*f + j*s. Suppose 0 = -y + v - 0*v + 31, -2*y = f*v - 67. Is 19 a factor of y?
False
Let u(q) = -q**3 - 7*q**2 + q + 5. Let r be u(-7). Let z be (-8)/(-28) - r/(-7). Suppose -x + 6 + 4 = z. Does 5 divide x?
True
Suppose -4*l + 364 = -4*r, -l = -3*l + 3*r + 182. Is 17 a factor of l?
False
Let c(y) = -31*y - 14. Is 24 a factor of c(-2)?
True
Let a(j) = -12*j + 25. Does 11 divide a(-8)?
True
Let u(v) = v**3 - 7*v**2 - 6*v - 7. Suppose 2*g = 4*k - 4, -67 = -5*g - k - 22. Is u(g) a multiple of 6?
False
Let n = 5 + -8. Does 6 divide -2*n*(-10)/(-4)?
False
Let q = 9 - 5. Suppose -q*t + 7 = -5. Is 2 a factor of t?
False
Is (-54)/(((-6)/12)/((-4)/(-6))) a multiple of 16?
False
Let i(r) = 8*r - 15. Let d be 14 + -1 - (1 + 2). Is 24 a factor of i(d)?
False
Suppose 4*j - 2 = 3*j. Suppose -z - 4*c + 142 = 2*z, -3*z + 146 = j*c. Is 25 a factor of z?
True
Does 8 divide (-98)/(-21)*9/2?
False
Suppose 8*c = 10*c - 200. Is c a multiple of 18?
False
Suppose 40 = 4*y - 0*y. Suppose 2*s = -2*f + 8, -4*f - 2 + 8 = -s. Suppose 2*a = -s*u + 42, -a + 77 = 4*u - y. Does 6 divide u?
False
Let l(d) = -d**2 - 5*d + 2. Let m be l(-5). Let g be -1 + 5 - (-2 + m). Suppose -g*y = 63 - 175. Is 14 a factor of y?
True
Let m(o) = -o**3 - 5*o**2 + 11*o + 4. Does 23 divide m(-7)?
False
Let s(c) = -1. Let n(d) = d - 19. Let m(l) = -n(l) + 3*s(l). Is m(-11) a multiple of 5?
False
Does 14 divide (84/(-5))/(1/(50/(-15)))?
True
Suppose -4*o = -7*o + 6. Suppose -4*s + 44 = -o*s - 2*t, 0 = t + 4. Is s a multiple of 18?
True
Let b(w) = 4*w**3 - w**2 + w - 1. Let l be b(1). Let y(v) = 4*v**2 - 4*v + 6. Does 9 divide y(l)?
False
Let u(o) = -o**2 - 8*o - 4. Let p be u(-7). Suppose 2*w + 4 = 3*w. Suppose w*l - p = 25. Is 7 a factor of l?
True
Let k(j) = j**2 - 3*j - 5. Let m be (-6)/2 - (2 + -3). Let z be 10/(-2) - (m - -1). Is k(z) a multiple of 13?
False
Does 3 divide 0 + 178/11 + (-36)/198?
False
Let p be (4/10)/((-9)/(-45)). Suppose 192 = 2*y + p*y. Does 16 divide y?
True
Let f = -12 - -9. Is 3 a factor of -1*(3 - 3) - f?
True
Suppose -8 = -7*j + 5*j. Suppose -5*y = -4*v - 3, 0 = 2*y + 5*v - 14 - 7. Let a = j + y. Is a a multiple of 5?
False
Let v(h) = h**3 + 10*h**2 + 4*h + 9. Let y be v(-9). Suppose -2*p + 0*p = -y. Is p a multiple of 9?
True
Let g = 13 + -9. Let m(p) = 15*p - 3. Let k be m(g). Let o = 101 - k. Does 22 divide o?
True
Let j(u) = -u**3 + 14*u**2 - 12*u - 5. Is 2 a factor of j(13)?
True
Suppose 0 = 7*z - 25 - 17. Does 7 divide ((-3)/z)/((-2)/144)?
False
Let t(b) = b**2 + 7*b + 2. Let p be t(-7). Let a = 77 - 38. Suppose -i = -4*s + 44, p*s + 17 = 3*i + a. Does 10 divide s?
False
Suppose -3 - 249 = -3*y. Is 14 a factor of y?
True
Let k(i) = -i**3 + 6*i**2 + 2*i + 3. Suppose 8*m - 3*m - 30 = 5*l, m + l - 6 = 0. Does 5 divide k(m)?
True
Let o(n) = -10*n**2 - 4*n + 3. Let u(d) = -3*d**3 + d**2 - 1. Let f be u(-1). Let k(a) = 9*a**2 + 4*a - 3. Let w(v) = f*k(v) + 2*o(v). Is 14 a factor of w(2)?
False
Let o = -25 - -81. Does 8 divide o?
True
Is 22 a factor of (-8530)/(-70) - (-1)/7?
False
Let t(y) = 30*y**2. Let m be t(1). Let l = m - 16. Is 7 a factor of l?
True
Suppose 0 = -4*u + 3*a + 69, -3*a + 35 = 2*u + 14. Does 5 divide u?
True
Let u(q) = 15*q + 21. Does 5 divide u(3)?
False
Suppose 5*l - 1 = 14. Suppose 2*h - 15 = -l*h. Suppose -144 = h*x - 7*x. Is x a multiple of 18?
True
Suppose -y - y + 49 = 5*d, -3*y - 2*d = -68. Let b = -5 - -9. Let k = y + b. Is k a multiple of 13?
True
Suppose 3*h - 4*b + 5 = 0, -5*h + 3*h + b + 5 = 0. Let l(x) = -3*x + 6. Let o be l(h). Let r = 10 - o. Is r a multiple of 19?
True
Let a = 6 + 35. Is a a multiple of 23?
False
Let i(p)